{"id":71,"date":"2016-04-09T08:33:17","date_gmt":"2016-04-09T06:33:17","guid":{"rendered":"http:\/\/www.patricia-fetzel.at\/tfp\/?page_id=71"},"modified":"2021-07-30T21:56:24","modified_gmt":"2021-07-30T19:56:24","slug":"was-ist-logotherapie","status":"publish","type":"page","link":"https:\/\/www.patricia-fetzel.at\/tfp\/?page_id=71","title":{"rendered":"Logotherapie und Existenzanalyse"},"content":{"rendered":"<p><strong>Was ist die Logotherapie und Existenzanalyse?<\/strong><\/p>\n<p><strong>\u00a0<\/strong>Der Begr\u00fcnder der Logotherapie ist Viktor Emil Frankl (1905 \u2013 1997).<\/p>\n<p>Der Logotherapie nach, ist der Mensch ein Wesen auf der Suche nach Sinn.<\/p>\n<blockquote>\n<p style=\"text-align: center;\">\u201eWir selbst sind die Befragten, an die das Leben t\u00e4glich und st\u00fcndlich Fragen stellt. Fragen, die wir zu beantworten haben, indem wir nicht durch ein Gr\u00fcbeln oder Reden, sondern durch ein Handeln die rechte Antwort geben.\u201c<\/p>\n<p style=\"text-align: center;\">Viktor E. Frankl<\/p>\n<\/blockquote>\n<p>Unser Leben ist gepr\u00e4gt durch viele Herausforderungen, die wir allt\u00e4glich erleben. Sei es privat, beruflich oder in unserer Freizeit. Wir geraten in ein \u201eHamsterrad\u201c, das uns nicht mehr erm\u00f6glicht das zu sehen und zu machen was uns begeistert und uns Freude macht. Interesse und Begeisterung l\u00e4sst sich nur wecken, in dem wir Wertvolles aufzeigen und Menschen emotional ber\u00fchren und ermutigen, damit sie wieder ins Handeln kommen.<\/p>\n<p><strong>Die Menschen brauchen ein \u201eWOF\u00dcR\u201c.<\/strong><\/p>\n<p><strong>\u00a0<\/strong>Durch unvorhersehbare, abrupte Ver\u00e4nderungen, wie Trennungen, der Verlust des Arbeitsplatzes, Schicksalsschl\u00e4ge,\u2026 rutschen wir in eine Sinnleere und es f\u00e4llt uns schwer, ein Wof\u00fcr zu finden. Eines,\u00a0 wof\u00fcr es sich zu leben lohnt. Wir verlieren die Begeisterung f\u00fcr die sch\u00f6nen Dinge im Leben und es f\u00e4llt schwer die eigenen Werte zu leben. Oft wissen wir gar nicht mehr, was uns wirklich wertvoll ist. Wir verlieren den Zugang zu unserer inneren Quelle und vergessen dabei, wer wir wirklich sind, was wir aus unseren Anlagen heraus wirklich k\u00f6nnen.<\/p>\n<p><strong>Ziel der Logotherapie und Existenzanalyse<\/strong><\/p>\n<p>Das Ziel der Logotherapie und Existenzanalyse besteht darin, den Menschen darin zu unterst\u00fctzen, ein sinn- und wertvolles Leben zu gestalten. Sie ermutigt den Menschen seine pers\u00f6nliche Situation zu erkennen und dementsprechend zu handeln.<\/p>\n","protected":false},"excerpt":{"rendered":"<p>Was ist die Logotherapie und Existenzanalyse? \u00a0Der Begr\u00fcnder der Logotherapie ist Viktor Emil Frankl (1905 \u2013 1997). Der Logotherapie nach, ist der Mensch ein Wesen auf der Suche nach Sinn. \u201eWir selbst sind die Befragten, an die das Leben t\u00e4glich und st\u00fcndlich Fragen stellt. Fragen, die wir zu beantworten haben, indem wir nicht durch ein [&hellip;]<\/p>\n","protected":false},"author":1,"featured_media":0,"parent":0,"menu_order":0,"comment_status":"closed","ping_status":"closed","template":"","meta":[],"_links":{"self":[{"href":"https:\/\/www.patricia-fetzel.at\/tfp\/index.php?rest_route=\/wp\/v2\/pages\/71"}],"collection":[{"href":"https:\/\/www.patricia-fetzel.at\/tfp\/index.php?rest_route=\/wp\/v2\/pages"}],"about":[{"href":"https:\/\/www.patricia-fetzel.at\/tfp\/index.php?rest_route=\/wp\/v2\/types\/page"}],"author":[{"embeddable":true,"href":"https:\/\/www.patricia-fetzel.at\/tfp\/index.php?rest_route=\/wp\/v2\/users\/1"}],"replies":[{"embeddable":true,"href":"https:\/\/www.patricia-fetzel.at\/tfp\/index.php?rest_route=%2Fwp%2Fv2%2Fcomments&post=71"}],"version-history":[{"count":9,"href":"https:\/\/www.patricia-fetzel.at\/tfp\/index.php?rest_route=\/wp\/v2\/pages\/71\/revisions"}],"predecessor-version":[{"id":306,"href":"https:\/\/www.patricia-fetzel.at\/tfp\/index.php?rest_route=\/wp\/v2\/pages\/71\/revisions\/306"}],"wp:attachment":[{"href":"https:\/\/www.patricia-fetzel.at\/tfp\/index.php?rest_route=%2Fwp%2Fv2%2Fmedia&parent=71"}],"curies":[{"name":"wp","href":"https:\/\/api.w.org\/{rel}","templated":true}]}}